{"id":901,"date":"2022-06-01T11:02:18","date_gmt":"2022-06-01T09:02:18","guid":{"rendered":"https:\/\/signetpub.fr\/?page_id=901"},"modified":"2023-02-08T12:40:13","modified_gmt":"2023-02-08T11:40:13","slug":"lettre-relief-retro-eclaire","status":"publish","type":"page","link":"https:\/\/signetpub.fr\/index.php\/lettre-relief-retro-eclaire\/","title":{"rendered":"Lettre relief r\u00e9tro-\u00e9clair\u00e9"},"content":{"rendered":"\n<p class=\"has-text-align-center\">Les Enseigne r\u00e9tro-\u00e9clair\u00e9es diffusent une lumi\u00e8re vers le mur.<\/p>\n\n\n\n<div style=\"height:26px\" aria-hidden=\"true\" class=\"wp-block-spacer\"><\/div>\n\n\n<div class=\"wp-block-image\">\n<figure class=\"alignleft size-full is-resized\"><img loading=\"lazy\" decoding=\"async\" src=\"https:\/\/signetpub.fr\/wp-content\/uploads\/2022\/06\/407ad4ad-7e22-4f15-bd1e-5be2315ae3ac.jpg\" alt=\"\" class=\"wp-image-980\" width=\"256\" height=\"253\" srcset=\"https:\/\/signetpub.fr\/wp-content\/uploads\/2022\/06\/407ad4ad-7e22-4f15-bd1e-5be2315ae3ac.jpg 1024w, https:\/\/signetpub.fr\/wp-content\/uploads\/2022\/06\/407ad4ad-7e22-4f15-bd1e-5be2315ae3ac-300x296.jpg 300w, https:\/\/signetpub.fr\/wp-content\/uploads\/2022\/06\/407ad4ad-7e22-4f15-bd1e-5be2315ae3ac-768x758.jpg 768w, https:\/\/signetpub.fr\/wp-content\/uploads\/2022\/06\/407ad4ad-7e22-4f15-bd1e-5be2315ae3ac-24x24.jpg 24w, https:\/\/signetpub.fr\/wp-content\/uploads\/2022\/06\/407ad4ad-7e22-4f15-bd1e-5be2315ae3ac-36x36.jpg 36w, https:\/\/signetpub.fr\/wp-content\/uploads\/2022\/06\/407ad4ad-7e22-4f15-bd1e-5be2315ae3ac-48x48.jpg 48w\" sizes=\"auto, (max-width: 256px) 100vw, 256px\" \/><\/figure>\n<\/div>\n\n\n<p class=\"has-text-align-center\"><strong><strong>\u00c9<\/strong>clairage \u00e0 l&rsquo;arri\u00e8re des lettres<\/strong><\/p>\n\n\n\n<p class=\"has-text-align-center\"><br>L&rsquo;un des outils de communication les plus efficaces. Les enseignes lumineuses sont \u00e9quip\u00e9es de syst\u00e8mes \u00e0 LED. L&rsquo;aspect lumineux le rend visible de jour comme de nuit<\/p>\n\n\n\n<div style=\"height:26px\" aria-hidden=\"true\" class=\"wp-block-spacer\"><\/div>\n\n\n\n<p class=\"has-text-align-center\"><strong><strong><strong>_______________________________________________<\/strong><\/strong><\/strong><\/p>\n\n\n\n<div style=\"height:26px\" aria-hidden=\"true\" class=\"wp-block-spacer\"><\/div>\n\n\n<div class=\"wp-block-image\">\n<figure class=\"alignright size-full is-resized\"><img loading=\"lazy\" decoding=\"async\" src=\"https:\/\/signetpub.fr\/wp-content\/uploads\/2022\/06\/cfb2780e-e15e-4d79-a748-6320dda0087d.jpg\" alt=\"\" class=\"wp-image-1032\" width=\"256\" height=\"195\" srcset=\"https:\/\/signetpub.fr\/wp-content\/uploads\/2022\/06\/cfb2780e-e15e-4d79-a748-6320dda0087d.jpg 1024w, https:\/\/signetpub.fr\/wp-content\/uploads\/2022\/06\/cfb2780e-e15e-4d79-a748-6320dda0087d-300x228.jpg 300w, https:\/\/signetpub.fr\/wp-content\/uploads\/2022\/06\/cfb2780e-e15e-4d79-a748-6320dda0087d-768x584.jpg 768w, https:\/\/signetpub.fr\/wp-content\/uploads\/2022\/06\/cfb2780e-e15e-4d79-a748-6320dda0087d-24x18.jpg 24w, https:\/\/signetpub.fr\/wp-content\/uploads\/2022\/06\/cfb2780e-e15e-4d79-a748-6320dda0087d-36x27.jpg 36w, https:\/\/signetpub.fr\/wp-content\/uploads\/2022\/06\/cfb2780e-e15e-4d79-a748-6320dda0087d-48x36.jpg 48w\" sizes=\"auto, (max-width: 256px) 100vw, 256px\" \/><\/figure>\n<\/div>\n\n\n<p class=\"has-text-align-center\"><strong>VOTRE DESIGN<\/strong><\/p>\n\n\n\n<p class=\"has-text-align-center\"><br>Obtenez un rendu impeccable et une enseigne en lettre lumineuse avec votre design.<\/p>\n\n\n\n<div style=\"height:26px\" aria-hidden=\"true\" class=\"wp-block-spacer\"><\/div>\n\n\n\n<p class=\"has-text-align-center\"><strong><strong><strong>_______________________________________________<\/strong><\/strong><\/strong><\/p>\n\n\n\n<div style=\"height:26px\" aria-hidden=\"true\" class=\"wp-block-spacer\"><\/div>\n\n\n<div class=\"wp-block-image\">\n<figure class=\"alignleft size-full is-resized\"><img loading=\"lazy\" decoding=\"async\" src=\"http:\/\/signetpub.fr\/wp-content\/uploads\/2022\/05\/2-edited.jpg\" alt=\"\" class=\"wp-image-448\" width=\"207\" height=\"204\" srcset=\"https:\/\/signetpub.fr\/wp-content\/uploads\/2022\/05\/2-edited.jpg 828w, https:\/\/signetpub.fr\/wp-content\/uploads\/2022\/05\/2-edited-300x294.jpg 300w, https:\/\/signetpub.fr\/wp-content\/uploads\/2022\/05\/2-edited-768x752.jpg 768w\" sizes=\"auto, (max-width: 207px) 100vw, 207px\" \/><\/figure>\n<\/div>\n\n\n<p class=\"has-text-align-center\"><strong>LIVRAISON ET INSTALLATION DE VOTRE <strong>SIGNAL\u00c9TIQUE<\/strong><\/strong><\/p>\n\n\n\n<p class=\"has-text-align-center\"><br>Vos lettres relief non lumineuses sont livr\u00e9es et installer par notre \u00e9quipe de professionnels. <\/p>\n\n\n\n<div style=\"height:26px\" aria-hidden=\"true\" class=\"wp-block-spacer\"><\/div>\n\n\n\n<p class=\"has-text-align-center\"><em>Toutes les enseignes sont contr\u00f4l\u00e9es tout au long de la fabrication. N&rsquo;h\u00e9sitez pas \u00e0 nous <a href=\"https:\/\/signetpub.fr\/index.php\/contact\/\"><strong>contacter<\/strong><\/a> pour toutes questions ou vous pouvez directement r\u00e9aliser un <a href=\"https:\/\/signetpub.fr\/index.php\/devis\/\"><strong>devis<\/strong><\/a>.<\/em><\/p>\n","protected":false},"excerpt":{"rendered":"<p>Les Enseigne r\u00e9tro-\u00e9clair\u00e9es diffusent une lumi\u00e8re vers le mur. \u00c9clairage \u00e0 l&rsquo;arri\u00e8re des lettres L&rsquo;un des outils de communication les plus efficaces. Les enseignes lumineuses sont \u00e9quip\u00e9es de syst\u00e8mes \u00e0 LED. L&rsquo;aspect lumineux le rend visible de jour comme de nuit _______________________________________________ VOTRE DESIGN Obtenez un rendu impeccable et une [&hellip;]<\/p>\n","protected":false},"author":1,"featured_media":0,"parent":0,"menu_order":0,"comment_status":"closed","ping_status":"closed","template":"","meta":{"footnotes":""},"class_list":["post-901","page","type-page","status-publish","hentry"],"yoast_head":"<!-- This site is optimized with the Yoast SEO plugin v27.4 - https:\/\/yoast.com\/product\/yoast-seo-wordpress\/ -->\n<title>Lettre relief r\u00e9tro-\u00e9clair\u00e9 - sp\u00e9cialiste de l&#039;enseigne SIGN &amp; PUB<\/title>\n<meta name=\"description\" content=\"Nous proposons des enseigne sur-mesure et de tr\u00e8s bonne qualit\u00e9 avec des prix abordables. Une \u00e9quipe \u00e0 votre \u00e9coute.\" \/>\n<meta name=\"robots\" content=\"index, follow, max-snippet:-1, max-image-preview:large, max-video-preview:-1\" \/>\n<link rel=\"canonical\" href=\"https:\/\/signetpub.fr\/index.php\/lettre-relief-retro-eclaire\/\" \/>\n<meta property=\"og:locale\" content=\"fr_FR\" \/>\n<meta property=\"og:type\" content=\"article\" \/>\n<meta property=\"og:title\" content=\"Lettre relief r\u00e9tro-\u00e9clair\u00e9 - sp\u00e9cialiste de l&#039;enseigne SIGN &amp; PUB\" \/>\n<meta property=\"og:description\" content=\"Nous proposons des enseigne sur-mesure et de tr\u00e8s bonne qualit\u00e9 avec des prix abordables. Une \u00e9quipe \u00e0 votre \u00e9coute.\" \/>\n<meta property=\"og:url\" content=\"https:\/\/signetpub.fr\/index.php\/lettre-relief-retro-eclaire\/\" \/>\n<meta property=\"og:site_name\" content=\"SIGN &amp; PUB\" \/>\n<meta property=\"article:modified_time\" content=\"2023-02-08T11:40:13+00:00\" \/>\n<meta property=\"og:image\" content=\"https:\/\/signetpub.fr\/wp-content\/uploads\/2022\/06\/407ad4ad-7e22-4f15-bd1e-5be2315ae3ac.jpg\" \/>\n<meta name=\"twitter:card\" content=\"summary_large_image\" \/>\n<meta name=\"twitter:label1\" content=\"Dur\u00e9e de lecture estim\u00e9e\" \/>\n\t<meta name=\"twitter:data1\" content=\"2 minutes\" \/>\n<script type=\"application\/ld+json\" class=\"yoast-schema-graph\">{\"@context\":\"https:\\\/\\\/schema.org\",\"@graph\":[{\"@type\":\"WebPage\",\"@id\":\"https:\\\/\\\/signetpub.fr\\\/index.php\\\/lettre-relief-retro-eclaire\\\/\",\"url\":\"https:\\\/\\\/signetpub.fr\\\/index.php\\\/lettre-relief-retro-eclaire\\\/\",\"name\":\"Lettre relief r\u00e9tro-\u00e9clair\u00e9 - sp\u00e9cialiste de l'enseigne SIGN &amp; PUB\",\"isPartOf\":{\"@id\":\"https:\\\/\\\/signetpub.fr\\\/#website\"},\"primaryImageOfPage\":{\"@id\":\"https:\\\/\\\/signetpub.fr\\\/index.php\\\/lettre-relief-retro-eclaire\\\/#primaryimage\"},\"image\":{\"@id\":\"https:\\\/\\\/signetpub.fr\\\/index.php\\\/lettre-relief-retro-eclaire\\\/#primaryimage\"},\"thumbnailUrl\":\"https:\\\/\\\/signetpub.fr\\\/wp-content\\\/uploads\\\/2022\\\/06\\\/407ad4ad-7e22-4f15-bd1e-5be2315ae3ac.jpg\",\"datePublished\":\"2022-06-01T09:02:18+00:00\",\"dateModified\":\"2023-02-08T11:40:13+00:00\",\"description\":\"Nous proposons des enseigne sur-mesure et de tr\u00e8s bonne qualit\u00e9 avec des prix abordables. Une \u00e9quipe \u00e0 votre \u00e9coute.\",\"breadcrumb\":{\"@id\":\"https:\\\/\\\/signetpub.fr\\\/index.php\\\/lettre-relief-retro-eclaire\\\/#breadcrumb\"},\"inLanguage\":\"fr-FR\",\"potentialAction\":[{\"@type\":\"ReadAction\",\"target\":[\"https:\\\/\\\/signetpub.fr\\\/index.php\\\/lettre-relief-retro-eclaire\\\/\"]}]},{\"@type\":\"ImageObject\",\"inLanguage\":\"fr-FR\",\"@id\":\"https:\\\/\\\/signetpub.fr\\\/index.php\\\/lettre-relief-retro-eclaire\\\/#primaryimage\",\"url\":\"https:\\\/\\\/signetpub.fr\\\/wp-content\\\/uploads\\\/2022\\\/06\\\/407ad4ad-7e22-4f15-bd1e-5be2315ae3ac.jpg\",\"contentUrl\":\"https:\\\/\\\/signetpub.fr\\\/wp-content\\\/uploads\\\/2022\\\/06\\\/407ad4ad-7e22-4f15-bd1e-5be2315ae3ac.jpg\",\"width\":1024,\"height\":1011},{\"@type\":\"BreadcrumbList\",\"@id\":\"https:\\\/\\\/signetpub.fr\\\/index.php\\\/lettre-relief-retro-eclaire\\\/#breadcrumb\",\"itemListElement\":[{\"@type\":\"ListItem\",\"position\":1,\"name\":\"Accueil\",\"item\":\"https:\\\/\\\/signetpub.fr\\\/\"},{\"@type\":\"ListItem\",\"position\":2,\"name\":\"Lettre relief r\u00e9tro-\u00e9clair\u00e9\"}]},{\"@type\":\"WebSite\",\"@id\":\"https:\\\/\\\/signetpub.fr\\\/#website\",\"url\":\"https:\\\/\\\/signetpub.fr\\\/\",\"name\":\"SIGN &amp; PUB\",\"description\":\"Fabricant et installateur d&#039;enseigne\",\"publisher\":{\"@id\":\"https:\\\/\\\/signetpub.fr\\\/#organization\"},\"potentialAction\":[{\"@type\":\"SearchAction\",\"target\":{\"@type\":\"EntryPoint\",\"urlTemplate\":\"https:\\\/\\\/signetpub.fr\\\/?s={search_term_string}\"},\"query-input\":{\"@type\":\"PropertyValueSpecification\",\"valueRequired\":true,\"valueName\":\"search_term_string\"}}],\"inLanguage\":\"fr-FR\"},{\"@type\":\"Organization\",\"@id\":\"https:\\\/\\\/signetpub.fr\\\/#organization\",\"name\":\"SIGN & PUB\",\"url\":\"https:\\\/\\\/signetpub.fr\\\/\",\"logo\":{\"@type\":\"ImageObject\",\"inLanguage\":\"fr-FR\",\"@id\":\"https:\\\/\\\/signetpub.fr\\\/#\\\/schema\\\/logo\\\/image\\\/\",\"url\":\"http:\\\/\\\/signetpub.fr\\\/wp-content\\\/uploads\\\/2022\\\/05\\\/cropped-signetpub-1.jpg\",\"contentUrl\":\"http:\\\/\\\/signetpub.fr\\\/wp-content\\\/uploads\\\/2022\\\/05\\\/cropped-signetpub-1.jpg\",\"width\":828,\"height\":820,\"caption\":\"SIGN & PUB\"},\"image\":{\"@id\":\"https:\\\/\\\/signetpub.fr\\\/#\\\/schema\\\/logo\\\/image\\\/\"},\"sameAs\":[\"https:\\\/\\\/www.instagram.com\\\/accounts\\\/login\\\/?next=signetpub\",\"https:\\\/\\\/www.linkedin.com\\\/in\\\/ibrahim-abdeloifi-3ba416231\\\/\"]}]}<\/script>\n<!-- \/ Yoast SEO plugin. -->","yoast_head_json":{"title":"Lettre relief r\u00e9tro-\u00e9clair\u00e9 - sp\u00e9cialiste de l'enseigne SIGN &amp; PUB","description":"Nous proposons des enseigne sur-mesure et de tr\u00e8s bonne qualit\u00e9 avec des prix abordables. Une \u00e9quipe \u00e0 votre \u00e9coute.","robots":{"index":"index","follow":"follow","max-snippet":"max-snippet:-1","max-image-preview":"max-image-preview:large","max-video-preview":"max-video-preview:-1"},"canonical":"https:\/\/signetpub.fr\/index.php\/lettre-relief-retro-eclaire\/","og_locale":"fr_FR","og_type":"article","og_title":"Lettre relief r\u00e9tro-\u00e9clair\u00e9 - sp\u00e9cialiste de l'enseigne SIGN &amp; PUB","og_description":"Nous proposons des enseigne sur-mesure et de tr\u00e8s bonne qualit\u00e9 avec des prix abordables. Une \u00e9quipe \u00e0 votre \u00e9coute.","og_url":"https:\/\/signetpub.fr\/index.php\/lettre-relief-retro-eclaire\/","og_site_name":"SIGN &amp; PUB","article_modified_time":"2023-02-08T11:40:13+00:00","og_image":[{"url":"https:\/\/signetpub.fr\/wp-content\/uploads\/2022\/06\/407ad4ad-7e22-4f15-bd1e-5be2315ae3ac.jpg","type":"","width":"","height":""}],"twitter_card":"summary_large_image","twitter_misc":{"Dur\u00e9e de lecture estim\u00e9e":"2 minutes"},"schema":{"@context":"https:\/\/schema.org","@graph":[{"@type":"WebPage","@id":"https:\/\/signetpub.fr\/index.php\/lettre-relief-retro-eclaire\/","url":"https:\/\/signetpub.fr\/index.php\/lettre-relief-retro-eclaire\/","name":"Lettre relief r\u00e9tro-\u00e9clair\u00e9 - sp\u00e9cialiste de l'enseigne SIGN &amp; PUB","isPartOf":{"@id":"https:\/\/signetpub.fr\/#website"},"primaryImageOfPage":{"@id":"https:\/\/signetpub.fr\/index.php\/lettre-relief-retro-eclaire\/#primaryimage"},"image":{"@id":"https:\/\/signetpub.fr\/index.php\/lettre-relief-retro-eclaire\/#primaryimage"},"thumbnailUrl":"https:\/\/signetpub.fr\/wp-content\/uploads\/2022\/06\/407ad4ad-7e22-4f15-bd1e-5be2315ae3ac.jpg","datePublished":"2022-06-01T09:02:18+00:00","dateModified":"2023-02-08T11:40:13+00:00","description":"Nous proposons des enseigne sur-mesure et de tr\u00e8s bonne qualit\u00e9 avec des prix abordables. Une \u00e9quipe \u00e0 votre \u00e9coute.","breadcrumb":{"@id":"https:\/\/signetpub.fr\/index.php\/lettre-relief-retro-eclaire\/#breadcrumb"},"inLanguage":"fr-FR","potentialAction":[{"@type":"ReadAction","target":["https:\/\/signetpub.fr\/index.php\/lettre-relief-retro-eclaire\/"]}]},{"@type":"ImageObject","inLanguage":"fr-FR","@id":"https:\/\/signetpub.fr\/index.php\/lettre-relief-retro-eclaire\/#primaryimage","url":"https:\/\/signetpub.fr\/wp-content\/uploads\/2022\/06\/407ad4ad-7e22-4f15-bd1e-5be2315ae3ac.jpg","contentUrl":"https:\/\/signetpub.fr\/wp-content\/uploads\/2022\/06\/407ad4ad-7e22-4f15-bd1e-5be2315ae3ac.jpg","width":1024,"height":1011},{"@type":"BreadcrumbList","@id":"https:\/\/signetpub.fr\/index.php\/lettre-relief-retro-eclaire\/#breadcrumb","itemListElement":[{"@type":"ListItem","position":1,"name":"Accueil","item":"https:\/\/signetpub.fr\/"},{"@type":"ListItem","position":2,"name":"Lettre relief r\u00e9tro-\u00e9clair\u00e9"}]},{"@type":"WebSite","@id":"https:\/\/signetpub.fr\/#website","url":"https:\/\/signetpub.fr\/","name":"SIGN &amp; PUB","description":"Fabricant et installateur d&#039;enseigne","publisher":{"@id":"https:\/\/signetpub.fr\/#organization"},"potentialAction":[{"@type":"SearchAction","target":{"@type":"EntryPoint","urlTemplate":"https:\/\/signetpub.fr\/?s={search_term_string}"},"query-input":{"@type":"PropertyValueSpecification","valueRequired":true,"valueName":"search_term_string"}}],"inLanguage":"fr-FR"},{"@type":"Organization","@id":"https:\/\/signetpub.fr\/#organization","name":"SIGN & PUB","url":"https:\/\/signetpub.fr\/","logo":{"@type":"ImageObject","inLanguage":"fr-FR","@id":"https:\/\/signetpub.fr\/#\/schema\/logo\/image\/","url":"http:\/\/signetpub.fr\/wp-content\/uploads\/2022\/05\/cropped-signetpub-1.jpg","contentUrl":"http:\/\/signetpub.fr\/wp-content\/uploads\/2022\/05\/cropped-signetpub-1.jpg","width":828,"height":820,"caption":"SIGN & PUB"},"image":{"@id":"https:\/\/signetpub.fr\/#\/schema\/logo\/image\/"},"sameAs":["https:\/\/www.instagram.com\/accounts\/login\/?next=signetpub","https:\/\/www.linkedin.com\/in\/ibrahim-abdeloifi-3ba416231\/"]}]}},"_links":{"self":[{"href":"https:\/\/signetpub.fr\/index.php\/wp-json\/wp\/v2\/pages\/901","targetHints":{"allow":["GET"]}}],"collection":[{"href":"https:\/\/signetpub.fr\/index.php\/wp-json\/wp\/v2\/pages"}],"about":[{"href":"https:\/\/signetpub.fr\/index.php\/wp-json\/wp\/v2\/types\/page"}],"author":[{"embeddable":true,"href":"https:\/\/signetpub.fr\/index.php\/wp-json\/wp\/v2\/users\/1"}],"replies":[{"embeddable":true,"href":"https:\/\/signetpub.fr\/index.php\/wp-json\/wp\/v2\/comments?post=901"}],"version-history":[{"count":16,"href":"https:\/\/signetpub.fr\/index.php\/wp-json\/wp\/v2\/pages\/901\/revisions"}],"predecessor-version":[{"id":1052,"href":"https:\/\/signetpub.fr\/index.php\/wp-json\/wp\/v2\/pages\/901\/revisions\/1052"}],"wp:attachment":[{"href":"https:\/\/signetpub.fr\/index.php\/wp-json\/wp\/v2\/media?parent=901"}],"curies":[{"name":"wp","href":"https:\/\/api.w.org\/{rel}","templated":true}]}}