{"id":892,"date":"2022-06-01T10:59:09","date_gmt":"2022-06-01T08:59:09","guid":{"rendered":"https:\/\/signetpub.fr\/?page_id=892"},"modified":"2024-01-11T12:49:49","modified_gmt":"2024-01-11T11:49:49","slug":"pub-lettre-relief-non-lumineuse","status":"publish","type":"page","link":"https:\/\/signetpub.fr\/index.php\/pub-lettre-relief-non-lumineuse\/","title":{"rendered":"Lettre relief non lumineuse"},"content":{"rendered":"\n<p class=\"has-text-align-center\">Les lettres d\u00e9coup\u00e9es sont id\u00e9ales pour faire ressortir votre nom ou votre marque. Elles am\u00e9liorent la r\u00e9putation de votre entreprise ou de votre commerce.<\/p>\n\n\n\n<div style=\"height:26px\" aria-hidden=\"true\" class=\"wp-block-spacer\"><\/div>\n\n\n<div class=\"wp-block-image\">\n<figure class=\"alignleft size-full is-resized\"><img loading=\"lazy\" decoding=\"async\" width=\"1180\" height=\"1104\" src=\"https:\/\/signetpub.fr\/wp-content\/uploads\/2024\/01\/Capture-decran-2024-01-11-a-12.41.23.png\" alt=\"\" class=\"wp-image-1107\" style=\"width:250px;height:256px\" srcset=\"https:\/\/signetpub.fr\/wp-content\/uploads\/2024\/01\/Capture-decran-2024-01-11-a-12.41.23.png 1180w, https:\/\/signetpub.fr\/wp-content\/uploads\/2024\/01\/Capture-decran-2024-01-11-a-12.41.23-300x281.png 300w, https:\/\/signetpub.fr\/wp-content\/uploads\/2024\/01\/Capture-decran-2024-01-11-a-12.41.23-1024x958.png 1024w, https:\/\/signetpub.fr\/wp-content\/uploads\/2024\/01\/Capture-decran-2024-01-11-a-12.41.23-768x719.png 768w, https:\/\/signetpub.fr\/wp-content\/uploads\/2024\/01\/Capture-decran-2024-01-11-a-12.41.23-24x22.png 24w, https:\/\/signetpub.fr\/wp-content\/uploads\/2024\/01\/Capture-decran-2024-01-11-a-12.41.23-36x34.png 36w, https:\/\/signetpub.fr\/wp-content\/uploads\/2024\/01\/Capture-decran-2024-01-11-a-12.41.23-48x45.png 48w\" sizes=\"auto, (max-width: 1180px) 100vw, 1180px\" \/><\/figure>\n<\/div>\n\n\n<p class=\"has-text-align-center\"><strong>PVC<\/strong><\/p>\n\n\n\n<p class=\"has-text-align-center\">Le PVC est le mat\u00e9riau id\u00e9al pour installer vos lettres \u00e0 l&rsquo;int\u00e9rieur et \u00e0 l&rsquo;ext\u00e9rieur de votre entreprise<strong>.<\/strong><\/p>\n\n\n\n<div style=\"height:26px\" aria-hidden=\"true\" class=\"wp-block-spacer\"><\/div>\n\n\n\n<p class=\"has-text-align-center\"><strong>_______________________________________________<\/strong><\/p>\n\n\n\n<div style=\"height:26px\" aria-hidden=\"true\" class=\"wp-block-spacer\"><\/div>\n\n\n<div class=\"wp-block-image\">\n<figure class=\"alignright size-full is-resized\"><img loading=\"lazy\" decoding=\"async\" width=\"574\" height=\"291\" src=\"https:\/\/signetpub.fr\/wp-content\/uploads\/2022\/06\/Capture-2.png\" alt=\"\" class=\"wp-image-970\" style=\"width:287px;height:146px\" srcset=\"https:\/\/signetpub.fr\/wp-content\/uploads\/2022\/06\/Capture-2.png 574w, https:\/\/signetpub.fr\/wp-content\/uploads\/2022\/06\/Capture-2-300x152.png 300w, https:\/\/signetpub.fr\/wp-content\/uploads\/2022\/06\/Capture-2-24x12.png 24w, https:\/\/signetpub.fr\/wp-content\/uploads\/2022\/06\/Capture-2-36x18.png 36w, https:\/\/signetpub.fr\/wp-content\/uploads\/2022\/06\/Capture-2-48x24.png 48w\" sizes=\"auto, (max-width: 574px) 100vw, 574px\" \/><\/figure>\n<\/div>\n\n\n<p class=\"has-text-align-center\"><strong>LETTRE EN RELIEFS POUR LES ENTREPRISES<\/strong><\/p>\n\n\n\n<p class=\"has-text-align-center\">Les lettres en PVC sont aussi une option tr\u00e8s moderne qui est de plus en plus demand\u00e9e par les entreprises, pour la d\u00e9coration int\u00e9rieure ou encore pour signaliser les diff\u00e9rents espaces.<\/p>\n\n\n\n<div style=\"height:26px\" aria-hidden=\"true\" class=\"wp-block-spacer\"><\/div>\n\n\n\n<p class=\"has-text-align-center\"><strong><strong>_______________________________________________<\/strong><\/strong><\/p>\n\n\n\n<div style=\"height:26px\" aria-hidden=\"true\" class=\"wp-block-spacer\"><\/div>\n\n\n<div class=\"wp-block-image\">\n<figure class=\"alignleft size-full is-resized\"><img loading=\"lazy\" decoding=\"async\" width=\"583\" height=\"622\" src=\"https:\/\/signetpub.fr\/wp-content\/uploads\/2024\/01\/Capture-decran-2024-01-11-a-12.49.37.png\" alt=\"\" class=\"wp-image-1117\" style=\"width:250px;height:256px\" srcset=\"https:\/\/signetpub.fr\/wp-content\/uploads\/2024\/01\/Capture-decran-2024-01-11-a-12.49.37.png 583w, https:\/\/signetpub.fr\/wp-content\/uploads\/2024\/01\/Capture-decran-2024-01-11-a-12.49.37-281x300.png 281w, https:\/\/signetpub.fr\/wp-content\/uploads\/2024\/01\/Capture-decran-2024-01-11-a-12.49.37-22x24.png 22w, https:\/\/signetpub.fr\/wp-content\/uploads\/2024\/01\/Capture-decran-2024-01-11-a-12.49.37-34x36.png 34w, https:\/\/signetpub.fr\/wp-content\/uploads\/2024\/01\/Capture-decran-2024-01-11-a-12.49.37-45x48.png 45w\" sizes=\"auto, (max-width: 583px) 100vw, 583px\" \/><\/figure>\n<\/div>\n\n\n<p class=\"has-text-align-center\"><strong>LIVRAISON ET INSTALLATION DE VOTRE SIGNAL\u00c9TIQUE<\/strong><\/p>\n\n\n\n<p class=\"has-text-align-center\"><br>Vos lettres relief non lumineuses sont livr\u00e9es et installer par notre \u00e9quipe de professionnels. <\/p>\n\n\n\n<div style=\"height:26px\" aria-hidden=\"true\" class=\"wp-block-spacer\"><\/div>\n\n\n\n<p class=\"has-text-align-center\"><em>Toutes les enseignes sont contr\u00f4l\u00e9es tout au long de la fabrication. N&rsquo;h\u00e9sitez pas \u00e0 nous <a href=\"https:\/\/signetpub.fr\/index.php\/contact\/\"><strong>contacter<\/strong><\/a> pour toutes questions ou vous pouvez directement r\u00e9aliser un <a href=\"https:\/\/signetpub.fr\/index.php\/devis\/\"><strong>devis<\/strong><\/a>. <\/em><\/p>\n\n\n\n<div style=\"height:26px\" aria-hidden=\"true\" class=\"wp-block-spacer\"><\/div>\n","protected":false},"excerpt":{"rendered":"<p>Les lettres d\u00e9coup\u00e9es sont id\u00e9ales pour faire ressortir votre nom ou votre marque. Elles am\u00e9liorent la r\u00e9putation de votre entreprise ou de votre commerce. PVC Le PVC est le mat\u00e9riau id\u00e9al pour installer vos lettres \u00e0 l&rsquo;int\u00e9rieur et \u00e0 l&rsquo;ext\u00e9rieur de votre entreprise. _______________________________________________ LETTRE EN RELIEFS POUR LES ENTREPRISES [&hellip;]<\/p>\n","protected":false},"author":1,"featured_media":0,"parent":0,"menu_order":0,"comment_status":"closed","ping_status":"closed","template":"","meta":{"footnotes":""},"class_list":["post-892","page","type-page","status-publish","hentry"],"yoast_head":"<!-- This site is optimized with the Yoast SEO plugin v27.4 - https:\/\/yoast.com\/product\/yoast-seo-wordpress\/ -->\n<title>Lettre relief non lumineuse - sp\u00e9cialiste de l&#039;enseigne SIGN &amp; PUB<\/title>\n<meta name=\"description\" content=\"Nous proposons des enseigne sur-mesure et de tr\u00e8s bonne qualit\u00e9 avec des prix abordables. Une \u00e9quipe \u00e0 votre \u00e9coute.\" \/>\n<meta name=\"robots\" content=\"index, follow, max-snippet:-1, max-image-preview:large, max-video-preview:-1\" \/>\n<link rel=\"canonical\" href=\"https:\/\/signetpub.fr\/index.php\/pub-lettre-relief-non-lumineuse\/\" \/>\n<meta property=\"og:locale\" content=\"fr_FR\" \/>\n<meta property=\"og:type\" content=\"article\" \/>\n<meta property=\"og:title\" content=\"Lettre relief non lumineuse - sp\u00e9cialiste de l&#039;enseigne SIGN &amp; PUB\" \/>\n<meta property=\"og:description\" content=\"Nous proposons des enseigne sur-mesure et de tr\u00e8s bonne qualit\u00e9 avec des prix abordables. Une \u00e9quipe \u00e0 votre \u00e9coute.\" \/>\n<meta property=\"og:url\" content=\"https:\/\/signetpub.fr\/index.php\/pub-lettre-relief-non-lumineuse\/\" \/>\n<meta property=\"og:site_name\" content=\"SIGN &amp; PUB\" \/>\n<meta property=\"article:modified_time\" content=\"2024-01-11T11:49:49+00:00\" \/>\n<meta property=\"og:image\" content=\"https:\/\/signetpub.fr\/wp-content\/uploads\/2024\/01\/Capture-decran-2024-01-11-a-12.41.23.png\" \/>\n<meta name=\"twitter:card\" content=\"summary_large_image\" \/>\n<meta name=\"twitter:label1\" content=\"Dur\u00e9e de lecture estim\u00e9e\" \/>\n\t<meta name=\"twitter:data1\" content=\"2 minutes\" \/>\n<script type=\"application\/ld+json\" class=\"yoast-schema-graph\">{\"@context\":\"https:\\\/\\\/schema.org\",\"@graph\":[{\"@type\":\"WebPage\",\"@id\":\"https:\\\/\\\/signetpub.fr\\\/index.php\\\/pub-lettre-relief-non-lumineuse\\\/\",\"url\":\"https:\\\/\\\/signetpub.fr\\\/index.php\\\/pub-lettre-relief-non-lumineuse\\\/\",\"name\":\"Lettre relief non lumineuse - sp\u00e9cialiste de l'enseigne SIGN &amp; PUB\",\"isPartOf\":{\"@id\":\"https:\\\/\\\/signetpub.fr\\\/#website\"},\"primaryImageOfPage\":{\"@id\":\"https:\\\/\\\/signetpub.fr\\\/index.php\\\/pub-lettre-relief-non-lumineuse\\\/#primaryimage\"},\"image\":{\"@id\":\"https:\\\/\\\/signetpub.fr\\\/index.php\\\/pub-lettre-relief-non-lumineuse\\\/#primaryimage\"},\"thumbnailUrl\":\"https:\\\/\\\/signetpub.fr\\\/wp-content\\\/uploads\\\/2024\\\/01\\\/Capture-decran-2024-01-11-a-12.41.23.png\",\"datePublished\":\"2022-06-01T08:59:09+00:00\",\"dateModified\":\"2024-01-11T11:49:49+00:00\",\"description\":\"Nous proposons des enseigne sur-mesure et de tr\u00e8s bonne qualit\u00e9 avec des prix abordables. Une \u00e9quipe \u00e0 votre \u00e9coute.\",\"breadcrumb\":{\"@id\":\"https:\\\/\\\/signetpub.fr\\\/index.php\\\/pub-lettre-relief-non-lumineuse\\\/#breadcrumb\"},\"inLanguage\":\"fr-FR\",\"potentialAction\":[{\"@type\":\"ReadAction\",\"target\":[\"https:\\\/\\\/signetpub.fr\\\/index.php\\\/pub-lettre-relief-non-lumineuse\\\/\"]}]},{\"@type\":\"ImageObject\",\"inLanguage\":\"fr-FR\",\"@id\":\"https:\\\/\\\/signetpub.fr\\\/index.php\\\/pub-lettre-relief-non-lumineuse\\\/#primaryimage\",\"url\":\"https:\\\/\\\/signetpub.fr\\\/wp-content\\\/uploads\\\/2024\\\/01\\\/Capture-decran-2024-01-11-a-12.41.23.png\",\"contentUrl\":\"https:\\\/\\\/signetpub.fr\\\/wp-content\\\/uploads\\\/2024\\\/01\\\/Capture-decran-2024-01-11-a-12.41.23.png\",\"width\":1180,\"height\":1104},{\"@type\":\"BreadcrumbList\",\"@id\":\"https:\\\/\\\/signetpub.fr\\\/index.php\\\/pub-lettre-relief-non-lumineuse\\\/#breadcrumb\",\"itemListElement\":[{\"@type\":\"ListItem\",\"position\":1,\"name\":\"Accueil\",\"item\":\"https:\\\/\\\/signetpub.fr\\\/\"},{\"@type\":\"ListItem\",\"position\":2,\"name\":\"Lettre relief non lumineuse\"}]},{\"@type\":\"WebSite\",\"@id\":\"https:\\\/\\\/signetpub.fr\\\/#website\",\"url\":\"https:\\\/\\\/signetpub.fr\\\/\",\"name\":\"SIGN &amp; PUB\",\"description\":\"Fabricant et installateur d&#039;enseigne\",\"publisher\":{\"@id\":\"https:\\\/\\\/signetpub.fr\\\/#organization\"},\"potentialAction\":[{\"@type\":\"SearchAction\",\"target\":{\"@type\":\"EntryPoint\",\"urlTemplate\":\"https:\\\/\\\/signetpub.fr\\\/?s={search_term_string}\"},\"query-input\":{\"@type\":\"PropertyValueSpecification\",\"valueRequired\":true,\"valueName\":\"search_term_string\"}}],\"inLanguage\":\"fr-FR\"},{\"@type\":\"Organization\",\"@id\":\"https:\\\/\\\/signetpub.fr\\\/#organization\",\"name\":\"SIGN & PUB\",\"url\":\"https:\\\/\\\/signetpub.fr\\\/\",\"logo\":{\"@type\":\"ImageObject\",\"inLanguage\":\"fr-FR\",\"@id\":\"https:\\\/\\\/signetpub.fr\\\/#\\\/schema\\\/logo\\\/image\\\/\",\"url\":\"http:\\\/\\\/signetpub.fr\\\/wp-content\\\/uploads\\\/2022\\\/05\\\/cropped-signetpub-1.jpg\",\"contentUrl\":\"http:\\\/\\\/signetpub.fr\\\/wp-content\\\/uploads\\\/2022\\\/05\\\/cropped-signetpub-1.jpg\",\"width\":828,\"height\":820,\"caption\":\"SIGN & PUB\"},\"image\":{\"@id\":\"https:\\\/\\\/signetpub.fr\\\/#\\\/schema\\\/logo\\\/image\\\/\"},\"sameAs\":[\"https:\\\/\\\/www.instagram.com\\\/accounts\\\/login\\\/?next=signetpub\",\"https:\\\/\\\/www.linkedin.com\\\/in\\\/ibrahim-abdeloifi-3ba416231\\\/\"]}]}<\/script>\n<!-- \/ Yoast SEO plugin. -->","yoast_head_json":{"title":"Lettre relief non lumineuse - sp\u00e9cialiste de l'enseigne SIGN &amp; PUB","description":"Nous proposons des enseigne sur-mesure et de tr\u00e8s bonne qualit\u00e9 avec des prix abordables. Une \u00e9quipe \u00e0 votre \u00e9coute.","robots":{"index":"index","follow":"follow","max-snippet":"max-snippet:-1","max-image-preview":"max-image-preview:large","max-video-preview":"max-video-preview:-1"},"canonical":"https:\/\/signetpub.fr\/index.php\/pub-lettre-relief-non-lumineuse\/","og_locale":"fr_FR","og_type":"article","og_title":"Lettre relief non lumineuse - sp\u00e9cialiste de l'enseigne SIGN &amp; PUB","og_description":"Nous proposons des enseigne sur-mesure et de tr\u00e8s bonne qualit\u00e9 avec des prix abordables. Une \u00e9quipe \u00e0 votre \u00e9coute.","og_url":"https:\/\/signetpub.fr\/index.php\/pub-lettre-relief-non-lumineuse\/","og_site_name":"SIGN &amp; PUB","article_modified_time":"2024-01-11T11:49:49+00:00","og_image":[{"url":"https:\/\/signetpub.fr\/wp-content\/uploads\/2024\/01\/Capture-decran-2024-01-11-a-12.41.23.png","type":"","width":"","height":""}],"twitter_card":"summary_large_image","twitter_misc":{"Dur\u00e9e de lecture estim\u00e9e":"2 minutes"},"schema":{"@context":"https:\/\/schema.org","@graph":[{"@type":"WebPage","@id":"https:\/\/signetpub.fr\/index.php\/pub-lettre-relief-non-lumineuse\/","url":"https:\/\/signetpub.fr\/index.php\/pub-lettre-relief-non-lumineuse\/","name":"Lettre relief non lumineuse - sp\u00e9cialiste de l'enseigne SIGN &amp; PUB","isPartOf":{"@id":"https:\/\/signetpub.fr\/#website"},"primaryImageOfPage":{"@id":"https:\/\/signetpub.fr\/index.php\/pub-lettre-relief-non-lumineuse\/#primaryimage"},"image":{"@id":"https:\/\/signetpub.fr\/index.php\/pub-lettre-relief-non-lumineuse\/#primaryimage"},"thumbnailUrl":"https:\/\/signetpub.fr\/wp-content\/uploads\/2024\/01\/Capture-decran-2024-01-11-a-12.41.23.png","datePublished":"2022-06-01T08:59:09+00:00","dateModified":"2024-01-11T11:49:49+00:00","description":"Nous proposons des enseigne sur-mesure et de tr\u00e8s bonne qualit\u00e9 avec des prix abordables. Une \u00e9quipe \u00e0 votre \u00e9coute.","breadcrumb":{"@id":"https:\/\/signetpub.fr\/index.php\/pub-lettre-relief-non-lumineuse\/#breadcrumb"},"inLanguage":"fr-FR","potentialAction":[{"@type":"ReadAction","target":["https:\/\/signetpub.fr\/index.php\/pub-lettre-relief-non-lumineuse\/"]}]},{"@type":"ImageObject","inLanguage":"fr-FR","@id":"https:\/\/signetpub.fr\/index.php\/pub-lettre-relief-non-lumineuse\/#primaryimage","url":"https:\/\/signetpub.fr\/wp-content\/uploads\/2024\/01\/Capture-decran-2024-01-11-a-12.41.23.png","contentUrl":"https:\/\/signetpub.fr\/wp-content\/uploads\/2024\/01\/Capture-decran-2024-01-11-a-12.41.23.png","width":1180,"height":1104},{"@type":"BreadcrumbList","@id":"https:\/\/signetpub.fr\/index.php\/pub-lettre-relief-non-lumineuse\/#breadcrumb","itemListElement":[{"@type":"ListItem","position":1,"name":"Accueil","item":"https:\/\/signetpub.fr\/"},{"@type":"ListItem","position":2,"name":"Lettre relief non lumineuse"}]},{"@type":"WebSite","@id":"https:\/\/signetpub.fr\/#website","url":"https:\/\/signetpub.fr\/","name":"SIGN &amp; PUB","description":"Fabricant et installateur d&#039;enseigne","publisher":{"@id":"https:\/\/signetpub.fr\/#organization"},"potentialAction":[{"@type":"SearchAction","target":{"@type":"EntryPoint","urlTemplate":"https:\/\/signetpub.fr\/?s={search_term_string}"},"query-input":{"@type":"PropertyValueSpecification","valueRequired":true,"valueName":"search_term_string"}}],"inLanguage":"fr-FR"},{"@type":"Organization","@id":"https:\/\/signetpub.fr\/#organization","name":"SIGN & PUB","url":"https:\/\/signetpub.fr\/","logo":{"@type":"ImageObject","inLanguage":"fr-FR","@id":"https:\/\/signetpub.fr\/#\/schema\/logo\/image\/","url":"http:\/\/signetpub.fr\/wp-content\/uploads\/2022\/05\/cropped-signetpub-1.jpg","contentUrl":"http:\/\/signetpub.fr\/wp-content\/uploads\/2022\/05\/cropped-signetpub-1.jpg","width":828,"height":820,"caption":"SIGN & PUB"},"image":{"@id":"https:\/\/signetpub.fr\/#\/schema\/logo\/image\/"},"sameAs":["https:\/\/www.instagram.com\/accounts\/login\/?next=signetpub","https:\/\/www.linkedin.com\/in\/ibrahim-abdeloifi-3ba416231\/"]}]}},"_links":{"self":[{"href":"https:\/\/signetpub.fr\/index.php\/wp-json\/wp\/v2\/pages\/892","targetHints":{"allow":["GET"]}}],"collection":[{"href":"https:\/\/signetpub.fr\/index.php\/wp-json\/wp\/v2\/pages"}],"about":[{"href":"https:\/\/signetpub.fr\/index.php\/wp-json\/wp\/v2\/types\/page"}],"author":[{"embeddable":true,"href":"https:\/\/signetpub.fr\/index.php\/wp-json\/wp\/v2\/users\/1"}],"replies":[{"embeddable":true,"href":"https:\/\/signetpub.fr\/index.php\/wp-json\/wp\/v2\/comments?post=892"}],"version-history":[{"count":43,"href":"https:\/\/signetpub.fr\/index.php\/wp-json\/wp\/v2\/pages\/892\/revisions"}],"predecessor-version":[{"id":1118,"href":"https:\/\/signetpub.fr\/index.php\/wp-json\/wp\/v2\/pages\/892\/revisions\/1118"}],"wp:attachment":[{"href":"https:\/\/signetpub.fr\/index.php\/wp-json\/wp\/v2\/media?parent=892"}],"curies":[{"name":"wp","href":"https:\/\/api.w.org\/{rel}","templated":true}]}}